a - 2*a, 22 = -3*q + 4*a. Suppose 11*s - 115 + 27 = 0. Let n = q + s. What is the units digit of n?
2
Let t be 45/25*(-20)/(-3). Let o = t + -12. Suppose o = 5*g - 4*y - 250, -2*y + 4*y = 4*g - 194. What is the tens digit of g?
4
Let o(s) = 213*s**2 - 6*s + 1. What is the hundreds digit of o(1)?
2
Let k = 12264 + -7315. What is the tens digit of k?
4
Suppose -10 = -g + 6*g, h - g - 82 = 0. What is the units digit of h?
0
Let p be (12/14)/(15/70). Let g be (2/p)/(2/12). What is the tens digit of (-2)/((12/(-64))/g)?
3
Suppose -38538 = 2*m - 20*m. What is the tens digit of m?
4
Suppose 4*b + 17 = a, 3 = 2*a + 1. What is the tens digit of b/16 + 1154/8?
4
Let w be (-20)/(-30) + 25/3. Suppose -4*j - 135 = -w*j. What is the tens digit of j?
2
Let x(y) = 3*y**2 - 14*y - 16. What is the hundreds digit of x(14)?
3
Let n(s) = s**2 - 3*s - 5. Let d be 2 - (4 + 1) - -12. What is the units digit of n(d)?
9
Let u be 1*6/(-10)*-5. Suppose 3*s = u, i + 2*s = 4*i + 47. Let c = i - -39. What is the units digit of c?
4
Let k(t) = -t**3 - 24*t**2 - 23*t - 50. Let l be k(-23). Let v = 2 - 4. What is the tens digit of l/v*2/5?
1
Let m(j) = -5*j - 5*j + 12*j - 8*j. Let l be m(-1). Suppose -l*g = -g - 135. What is the units digit of g?
7
Let z = -1348 + 1959. Suppose 373 = 6*p - z. What is the hundreds digit of p?
1
Let o = 94 + -91. What is the tens digit of (-130)/(-3) + -2 + 2/o?
4
Let o = -54 - -92. Let x = 32 - o. What is the units digit of (-2)/(-6) - 298/x?
0
Suppose 2*q + 3045 = 2*r + 93, 0 = 5*r + q - 7368. What is the tens digit of r?
7
Let u(c) = -42*c**3 + 6*c**2 - 16*c - 81. What is the hundreds digit of u(-4)?
7
Let m = 6800 - 3787. What is the tens digit of m?
1
Let k(l) = 66*l + 7. Let n(q) = 99*q + 11. Let i(d) = 8*k(d) - 5*n(d). What is the units digit of i(2)?
7
Let t(v) = -v**2 - 10*v + 13. Let q be (-6 - 5)*(0 - -1). Let j be t(q). Suppose -2*s + 72 = j*s. What is the tens digit of s?
1
Suppose -p + 4*c = 15, -p = -4*p + c + 10. Suppose -5*n = -2*d - 23, -2*n + p*d + 3 = -2. Suppose -l = -n - 16. What is the tens digit of l?
2
Let o(q) = -3*q**2 + q**2 - 7*q - 1 - 6*q**2 + q**3 + 11*q**2. Let s be o(5). Suppose -i - s = -5*i. What is the tens digit of i?
4
Suppose 2 = 2*z - 2*u - 4, 5*z - 3*u - 15 = 0. Let c(k) = 6*k + 4. Let q be c(7). Suppose q = z*p - 2*p. What is the tens digit of p?
4
What is the tens digit of 85884/(-136)*78/(-9)?
7
Let t(h) = -10*h - 1. Suppose 4*s + 0*s + 2*n = 14, 4*s + 4*n - 24 = 0. Let i be t(s). What is the units digit of -5*i/((-55)/(-6))?
6
Suppose 0 = 2*z - 1817 - 909. What is the thousands digit of z?
1
Let c(w) = -w**2 - w - 1. Let h be c(2). Let a be (-324)/h - 10/35. Let q = a + -18. What is the tens digit of q?
2
Let z(b) = 3*b**2 + 4*b + 1. Let k(x) = x**3 - x**2 - 3. Let p be k(0). Let r be z(p). Let d = r - 14. What is the units digit of d?
2
Let k be 21/2 - (-18)/(-12). Suppose -3*u - 15 = c, -u - 3*c - 4 - k = 0. Let d(r) = r**2 + 4*r + 1. What is the units digit of d(u)?
1
Suppose -6*v = -7*v + 335. What is the units digit of v?
5
Let o be -1 - 11/((-44)/24). Suppose -4*b = 4*w + w - 40, -o*b + 37 = 3*w. Suppose -3*j = -w*j + 36. What is the units digit of j?
6
Let q be (1/(-2))/(0 + 7/(-70)). Suppose 214 - 4 = q*h. What is the tens digit of h?
4
Suppose -1705 = -3*v + 4*p, -4*v - 1132 = -6*v - 2*p. What is the hundreds digit of v?
5
Suppose 4*m - 2333 = 515. What is the tens digit of m?
1
Let h = 45 - 9. What is the tens digit of 2 + h - (1 - 4)?
4
What is the units digit of 19/((-76)/904)*-6?
6
Suppose 5 = 2*w + 1. Suppose -4*r = n - w*r + 6, 5*r = 4*n - 41. Suppose n*f - 33 = 7. What is the units digit of f?
0
Let r = -1648 - -2392. What is the hundreds digit of r?
7
Let v be ((-63)/(-42))/(6/32). What is the tens digit of (-3182)/(-20) - v/80?
5
Suppose -11*d + 4246 = -0*d. Let s = d + -227. What is the hundreds digit of s?
1
Let i = 305 - -491. What is the tens digit of i?
9
Suppose -2*v = -5*d - 624, 0 = 5*d - 3*v + 413 + 208. Let f be d/5*40/(-16). What is the tens digit of (-2)/(-7) - (-1998)/f?
3
Suppose 0 = -2*c + 3080 + 546. What is the units digit of c?
3
Suppose -5*y = -2*j + 1780, -3*j = -2*y + 387 - 3035. What is the hundreds digit of j?
8
Let m = -12 + 15. Let h(a) = 102*a**2 + a - m*a - 6 - 101*a**2. What is the tens digit of h(-7)?
5
Let w = 1786 - 461. What is the units digit of w?
5
Let v be ((-2)/2)/(12/(-24)). Suppose 232 = 4*m + a, v*m - 47 = m - 3*a. What is the tens digit of -2 - (2 - (4 + m))?
5
Suppose 78*f + 6104 = 85*f. What is the tens digit of f?
7
Let q(c) = -55*c - 32. What is the hundreds digit of q(-8)?
4
Suppose 0 = -w - 2*w - 30. Let f = 6 + w. What is the units digit of 420/102 + f/34?
4
Let d(u) be the first derivative of -65*u**4/24 + u**3/3 + 7*u**2/2 - 2. Let c(p) be the second derivative of d(p). What is the units digit of c(-1)?
7
Let u(m) = 2*m**2 + 2*m + 3. Let n be u(-6). Let s = -48 + n. What is the units digit of s?
5
Suppose -3*c = -4 - 146. Let k be c/12 - 2/12. Suppose k*h = h + 84. What is the tens digit of h?
2
Suppose 0 = -5*j + 1096 + 5254. What is the tens digit of j?
7
Suppose 7054 = 9*b - 884. What is the hundreds digit of b?
8
Let t(g) = 4*g + 6. Let r be ((-3)/2)/(9/(-12)). Suppose 0*f + r*f = -u + 3, 4 = -4*f. What is the tens digit of t(u)?
2
Let o = 58 + -33. Let k = o + 25. Suppose -5*b + 20 = -k. What is the units digit of b?
4
What is the tens digit of 393/6*(-3 - -11)?
2
Suppose 1 = -5*y + 6. Let q = y - -6. Let p = q + 5. What is the tens digit of p?
1
Let p = 2 - -2. Suppose -p*m - 32 - 8 = 0. Let z = 7 - m. What is the units digit of z?
7
Let p be 1/(-3) - (-442)/39. Let u = p - 8. Suppose -u*r - r = -256. What is the units digit of r?
4
Let c(v) = v - 6. Let n be c(0). Let q(p) = -p**2 - 13*p + 2. What is the tens digit of q(n)?
4
Suppose -3*v + 4*a + a = -22, -2*a + 12 = 4*v. Suppose 0*d + 8 = v*d. What is the units digit of 123/21 - d/(-14)?
6
Let j = -37 - -42. Suppose -5*l + 295 = j*b, 2*l + 8 = 6*l. What is the units digit of b?
7
Let p be 16/9 - 4/(-18). Let d(t) = -t**2 - 11*t - 14. Let c be d(-9). Suppose 3*q = p*f - 15, f = q + c*q - 10. What is the units digit of f?
5
Let x(u) = -5*u**3 - 14*u**2 - 146*u - 18. What is the thousands digit of x(-8)?
2
Let y(h) = -770*h - 3. What is the hundreds digit of y(-1)?
7
Suppose -2*y + 7 = -1. Let s be (-108)/(-189) - 426/(-14). Suppose -r = -p - 31, -r - 5*p + s = -y*p. What is the units digit of r?
1
Suppose -2*y + 5*n + 2977 = 0, 112*n = 4*y + 108*n - 5924. What is the units digit of y?
6
Suppose 0 = 21*g - 97*g + 109136. What is the thousands digit of g?
1
What is the units digit of 185 - (-9 - -4 - -3)?
7
Let g(f) = 2066*f**2 + 3. What is the hundreds digit of g(1)?
0
Let x(w) = -5*w**3 + 7*w**2 + 8*w + 6. What is the tens digit of x(-4)?
0
Suppose 0 = 4*d - 20, 5*i = d + 1356 + 2229. What is the tens digit of i?
1
Suppose 2*f = m - 2*m + 129, 0 = 4*f - 5*m - 251. Let y = 5 + -2. Suppose s + f = y*s. What is the tens digit of s?
3
What is the tens digit of 4 + (-15)/((-45)/1014)?
4
Let p(x) = 40*x**2 + x + 2. What is the hundreds digit of p(3)?
3
Suppose 2*t - 4*t = b - 5, -13 = -4*t - 5*b. Suppose 20 = -t*h - 3*h. Let g(k) = -k + 4. What is the units digit of g(h)?
8
Let z(n) = n**2 + 8. Let g = -13 + 6. Let x be z(g). Suppose 3*a - 3*l = x, -2*a - a - l + 37 = 0. What is the units digit of a?
4
Let o(s) be the second derivative of s**3/3 - 2*s**2 + 7*s. Let h be o(5). Suppose 3*q - h*q = -15. What is the units digit of q?
5
Let a(d) = -2*d**2 + 5*d - 6. Let n be a(4). Let u = n - -28. What is the tens digit of u?
1
Let o = -454 + 1156. What is the hundreds digit of o?
7
Let j = -22 - -26. Suppose -96 = -j*i + a, 29 + 79 = 4*i - 4*a. Suppose -i = -b - 3*r + 52, -2*b + 157 = -r. What is the units digit of b?
8
Let v = -14 - -19. Suppose 9*s = v*s + 308. What is the units digit of s?
7
Let s(g) = -126*g**2 + 0 + 148*g**2 - 1. What is the tens digit of s(-2)?
8
Let u be 2 + 8/(12/3). Suppose -u*r + 30 = -2*t, -3*r + 2*t - 5 = -6*r. Suppose 99 = r*x + f + 2*f, 60 = 4*x - 4*f. What is the units digit of x?
8
Suppose 3*k + 24 = k. Let v(y) = -8*y - 12. What is the units digit of v(k)?
4
Suppose 5 = -q + 6. Let j be (6/4 - q)*-4. What is the units digit of j + 30/(-4)*-2?
3
Let j